{"id":17,"date":"2024-01-30T10:41:56","date_gmt":"2024-01-30T10:41:56","guid":{"rendered":"https:\/\/imsc.lt\/?page_id=17"},"modified":"2024-01-30T10:48:21","modified_gmt":"2024-01-30T10:48:21","slug":"kalbos-lygio-nustatymas","status":"publish","type":"page","link":"https:\/\/imsc.lt\/index.php\/kalbos-lygio-nustatymas\/","title":{"rendered":"Kalbos lygio nustatymas"},"content":{"rendered":"\n<p>Informacijos main\u0173 ir \u0161vietimo centras (IM\u0160C) \u2013 akredituotas pretendent\u0173 \u012f valstyb\u0117s<br>tarnautoj\u0173 pareigas u\u017esienio kalb\u0173 mok\u0117jimo lygio nustatymo centras. \u0160iuo metu<br>vertiname angl\u0173 kalbos mok\u0117jimo lyg\u012f.<\/p>\n\n\n\n<p><strong>Daugiau informacijos tel. 0 653 60527<\/strong><\/p>\n","protected":false},"excerpt":{"rendered":"<p>Informacijos main\u0173 ir \u0161vietimo centras (IM\u0160C) \u2013 akredituotas pretendent\u0173 \u012f valstyb\u0117starnautoj\u0173 pareigas u\u017esienio kalb\u0173 mok\u0117jimo lygio nustatymo centras. \u0160iuo metuvertiname angl\u0173 kalbos mok\u0117jimo lyg\u012f. Daugiau [&hellip;]<\/p>\n","protected":false},"author":2,"featured_media":0,"parent":0,"menu_order":0,"comment_status":"closed","ping_status":"closed","template":"","meta":{"om_disable_all_campaigns":false,"_monsterinsights_skip_tracking":false,"_monsterinsights_sitenote_active":false,"_monsterinsights_sitenote_note":"","_monsterinsights_sitenote_category":0,"footnotes":""},"aioseo_notices":[],"_links":{"self":[{"href":"https:\/\/imsc.lt\/index.php\/wp-json\/wp\/v2\/pages\/17"}],"collection":[{"href":"https:\/\/imsc.lt\/index.php\/wp-json\/wp\/v2\/pages"}],"about":[{"href":"https:\/\/imsc.lt\/index.php\/wp-json\/wp\/v2\/types\/page"}],"author":[{"embeddable":true,"href":"https:\/\/imsc.lt\/index.php\/wp-json\/wp\/v2\/users\/2"}],"replies":[{"embeddable":true,"href":"https:\/\/imsc.lt\/index.php\/wp-json\/wp\/v2\/comments?post=17"}],"version-history":[{"count":2,"href":"https:\/\/imsc.lt\/index.php\/wp-json\/wp\/v2\/pages\/17\/revisions"}],"predecessor-version":[{"id":41,"href":"https:\/\/imsc.lt\/index.php\/wp-json\/wp\/v2\/pages\/17\/revisions\/41"}],"wp:attachment":[{"href":"https:\/\/imsc.lt\/index.php\/wp-json\/wp\/v2\/media?parent=17"}],"curies":[{"name":"wp","href":"https:\/\/api.w.org\/{rel}","templated":true}]}}