{"id":16,"date":"2024-01-30T10:41:56","date_gmt":"2024-01-30T10:41:56","guid":{"rendered":"https:\/\/imsc.lt\/?page_id=16"},"modified":"2024-08-05T08:56:13","modified_gmt":"2024-08-05T08:56:13","slug":"mokymai","status":"publish","type":"page","link":"https:\/\/imsc.lt\/index.php\/mokymai\/","title":{"rendered":"Mokymai"},"content":{"rendered":"\n<p>Informacijos main\u0173 ir \u0161vietimo centras \u2013 KURSUOK \u2013 vieno langelio principu veikian\u010dioje nacionalinio suaugusi\u0173j\u0173 \u0161vietimo platformoje, kurioje \u017emon\u0117s gali rinktis jiems reikalingus bei valstyb\u0117s prioritetus atitinkan\u010dius mokymus ir gauti finansavim\u0105 iki 500 Eur, organizuoja <a href=\"https:\/\/kursuok.lt\/mokymai\/list\/provider\/view\/informacijos-mainu-ir-svietimo-centras\" target=\"_blank\" rel=\"noopener\" title=\"\">\u0161iuos mokymus<\/a>.<\/p>\n\n\n<div class=\"wp-block-image\">\n<figure class=\"aligncenter size-large\"><img loading=\"lazy\" decoding=\"async\" width=\"1024\" height=\"446\" src=\"https:\/\/imsc.lt\/wp-content\/uploads\/2024\/08\/paveikslas-1024x446.png\" alt=\"\" class=\"wp-image-67\" srcset=\"https:\/\/imsc.lt\/wp-content\/uploads\/2024\/08\/paveikslas-1024x446.png 1024w, https:\/\/imsc.lt\/wp-content\/uploads\/2024\/08\/paveikslas-300x131.png 300w, https:\/\/imsc.lt\/wp-content\/uploads\/2024\/08\/paveikslas-768x334.png 768w, https:\/\/imsc.lt\/wp-content\/uploads\/2024\/08\/paveikslas.png 1206w\" sizes=\"(max-width: 1024px) 100vw, 1024px\" \/><\/figure><\/div>\n\n\n<p><\/p>\n","protected":false},"excerpt":{"rendered":"<p>Informacijos main\u0173 ir \u0161vietimo centras \u2013 KURSUOK \u2013 vieno langelio principu veikian\u010dioje nacionalinio suaugusi\u0173j\u0173 \u0161vietimo platformoje, kurioje \u017emon\u0117s gali rinktis jiems reikalingus bei valstyb\u0117s prioritetus [&hellip;]<\/p>\n","protected":false},"author":2,"featured_media":0,"parent":0,"menu_order":0,"comment_status":"closed","ping_status":"closed","template":"","meta":{"om_disable_all_campaigns":false,"_monsterinsights_skip_tracking":false,"_monsterinsights_sitenote_active":false,"_monsterinsights_sitenote_note":"","_monsterinsights_sitenote_category":0,"footnotes":""},"aioseo_notices":[],"_links":{"self":[{"href":"https:\/\/imsc.lt\/index.php\/wp-json\/wp\/v2\/pages\/16"}],"collection":[{"href":"https:\/\/imsc.lt\/index.php\/wp-json\/wp\/v2\/pages"}],"about":[{"href":"https:\/\/imsc.lt\/index.php\/wp-json\/wp\/v2\/types\/page"}],"author":[{"embeddable":true,"href":"https:\/\/imsc.lt\/index.php\/wp-json\/wp\/v2\/users\/2"}],"replies":[{"embeddable":true,"href":"https:\/\/imsc.lt\/index.php\/wp-json\/wp\/v2\/comments?post=16"}],"version-history":[{"count":2,"href":"https:\/\/imsc.lt\/index.php\/wp-json\/wp\/v2\/pages\/16\/revisions"}],"predecessor-version":[{"id":68,"href":"https:\/\/imsc.lt\/index.php\/wp-json\/wp\/v2\/pages\/16\/revisions\/68"}],"wp:attachment":[{"href":"https:\/\/imsc.lt\/index.php\/wp-json\/wp\/v2\/media?parent=16"}],"curies":[{"name":"wp","href":"https:\/\/api.w.org\/{rel}","templated":true}]}}